12?
53
What is the greatest common factor of 18548 and 4?
4
Calculate the highest common factor of 39 and 195.
39
Calculate the highest common divisor of 1581 and 2139.
93
What is the greatest common divisor of 74 and 5439?
37
What is the highest common factor of 344 and 43?
43
What is the highest common factor of 7240 and 40?
40
What is the greatest common factor of 15561 and 117?
117
What is the highest common divisor of 364 and 6825?
91
Calculate the highest common factor of 11 and 297.
11
What is the greatest common divisor of 558 and 603?
9
What is the highest common divisor of 56 and 19152?
56
Calculate the greatest common divisor of 66 and 110.
22
Calculate the highest common factor of 708 and 276.
12
What is the greatest common divisor of 185 and 37?
37
Calculate the highest common divisor of 9 and 1089.
9
Calculate the highest common factor of 410 and 55.
5
Calculate the highest common divisor of 848 and 112.
16
Calculate the highest common factor of 68 and 1071.
17
Calculate the highest common divisor of 429 and 1599.
39
Calculate the highest common factor of 1584 and 360.
72
Calculate the greatest common divisor of 168 and 114.
6
What is the highest common divisor of 30 and 1630?
10
What is the highest common divisor of 9 and 5?
1
Calculate the highest common factor of 18 and 90.
18
Calculate the highest common factor of 1738 and 22.
22
Calculate the greatest common divisor of 11868 and 24.
12
What is the highest common factor of 76 and 874?
38
What is the highest common factor of 55 and 125?
5
What is the highest common divisor of 48 and 978?
6
What is the greatest common factor of 3589 and 388?
97
Calculate the greatest common divisor of 104 and 3.
1
Calculate the highest common divisor of 162 and 10854.
162
What is the highest common divisor of 473 and 77?
11
Calculate the greatest common divisor of 435 and 87.
87
Calculate the highest common divisor of 2176 and 102.
34
Calculate the greatest common divisor of 28 and 3206.
14
What is the greatest common divisor of 969 and 51?
51
What is the greatest common divisor of 30 and 150?
30
Calculate the highest common factor of 968 and 33.
11
What is the highest common factor of 783 and 30?
3
Calculate the highest common factor of 2904 and 792.
264
Calculate the greatest common factor of 7112 and 112.
56
Calculate the greatest common divisor of 7654 and 86.
86
Calculate the greatest common factor of 1865 and 9698.
373
What is the greatest common divisor of 6919 and 34?
17
What is the highest common factor of 84 and 1316?
28
Calculate the greatest common factor of 2842 and 29.
29
Calculate the highest common factor of 22 and 66.
22
Calculate the highest common factor of 70 and 40.
10
What is the greatest common factor of 44 and 42?
2
Calculate the highest common divisor of 11 and 352.
11
Calculate the greatest common factor of 92 and 6532.
92
Calculate the highest common divisor of 12 and 348.
12
Calculate the greatest common divisor of 156 and 12.
12
Calculate the greatest common divisor of 176 and 6.
2
What is the greatest common divisor of 3698 and 172?
86
What is the greatest common factor of 480 and 195?
15
Calculate the highest common divisor of 722 and 16.
2
What is the highest common divisor of 133 and 112?
7
What is the highest common divisor of 40 and 230?
10
What is the highest common divisor of 203 and 696?
29
Calculate the greatest common divisor of 84 and 42252.
84
What is the highest common divisor of 10 and 70?
10
What is the greatest common factor of 129 and 3?
3
What is the highest common divisor of 20 and 160?
20
Calculate the greatest common factor of 12 and 228.
12
What is the highest common divisor of 5880 and 42?
42
What is the highest common factor of 45 and 63?
9
What is the highest common divisor of 122 and 9577?
61
Calculate the highest common factor of 9 and 549.
9
What is the greatest common factor of 97 and 2?
1
Calculate the greatest common divisor of 69 and 3.
3
What is the greatest common factor of 42 and 490?
14
Calculate the greatest common factor of 1047 and 16054.
349
Calculate the highest common divisor of 108 and 675.
27
Calculate the greatest common factor of 33638 and 121.
121
What is the greatest common factor of 2350 and 50?
50
Calculate the greatest common factor of 22 and 352.
22
Calculate the greatest common factor of 3 and 174.
3
What is the greatest common factor of 10 and 735?
5
Calculate the greatest common divisor of 44 and 33.
11
What is the highest common factor of 123 and 164?
41
What is the highest common factor of 8 and 54?
2
What is the greatest common factor of 102 and 34?
34
Calculate the highest common factor of 14 and 1526.
14
Calculate the highest common factor of 2 and 10.
2
Calculate the highest common factor of 62 and 465.
31
Calculate the highest common factor of 1014 and 2418.
78
What is the greatest common divisor of 1081 and 23?
23
Calculate the highest common factor of 672 and 21.
21
What is the highest common factor of 19 and 17?
1
Calculate the highest common divisor of 40 and 808.
8
What is the greatest common factor of 98 and 15386?
98
What is the greatest common factor of 175 and 25?
25
What is the highest common factor of 576 and 36?
36
What is the highest common divisor of 1884 and 72?
12
What is the greatest common factor of 38 and 38?
38
What is the highest common factor of 851 and 5550?
37
Calculate the highest common divisor of 24 and 44.
4
Calculate the greatest common factor of 472 and 59.
59
Calculate the highest common factor of 243 and 432.
27
What is the highest common divisor of 432 and 2256?
48
What is the greatest common factor of 357 and 294?
21
What is the greatest common divisor of 31632 and 48?
48
Calculate the greatest common factor of 23 and 2162.
23
What is the highest common divisor of 1919 and 589?
19
Calculate the highest common factor of 351 and 135.
27
What is the greatest common factor of 728 and 104?
104
What is the greatest common divisor of 20825 and 49?
49
What is the highest common divisor of 86 and 5246?
86
What is the highest common factor of 310 and 1488?
62
What is the greatest common divisor of 6180 and 60?
60
Calculate the highest common factor of 1 and 227.
1
What is the greatest common factor of 43 and 15695?
43
What is the highest common factor of 162 and 594?
54
What is the greatest common divisor of 2059 and 406?
29
Calculate the highest common factor of 28 and 180.
4
Calculate the highest common divisor of 864 and 11880.
216
Calculate the greatest common factor of 48 and 4320.
48
What is the greatest common factor of 1053 and 3237?
39
Calculate the highest common factor of 1 and 17.
1
What is the greatest common factor of 171 and 5757?
57
Calculate the highest common factor of 134 and 23919.
67
Calculate the greatest common factor of 38 and 266.
38
Calculate the highest common divisor of 378 and 13419.
189
Calculate the highest common divisor of 57 and 152.
19
Calculate the highest common divisor of 350 and 42.
14
Calculate the highest common divisor of 27 and 63.
9
What is the highest common factor of 158 and 12482?
158
What is the highest common factor of 165 and 3135?
165
What is the greatest common divisor of 68 and 788?
4
Calculate the highest common factor of 603 and 67.
67
What is the greatest common divisor of 752 and 112?
16
What is the highest common divisor of 3 and 501?
3
What is the greatest common divisor of 65 and 1807?
13
Calculate the highest common factor of 44 and 902.
22
Calculate the greatest common factor of 260 and 78.
26
Calculate the greatest common factor of 61 and 3477.
61
What is the greatest common factor of 2 and 214?
2
Calculate the highest common divisor of 326 and 8.
2
Calculate the greatest common divisor of 330 and 140.
10
What is the highest common factor of 15 and 5440?
5
What is the greatest common divisor of 4764 and 12?
12
What is the greatest common factor of 2257 and 244?
61
Calculate the highest common divisor of 81 and 18.
9
What is the greatest common factor of 77 and 11?
11
What is the highest common factor of 10 and 640?
10
Calculate the highest common factor of 11090 and 10.
10
Calculate the highest common factor of 72 and 45.
9
What is the highest common factor of 12 and 4?
4
Calculate the greatest common divisor of 1